{"id":3380,"date":"2025-11-06T02:52:04","date_gmt":"2025-11-06T00:52:04","guid":{"rendered":"https:\/\/www.accfinland.org\/kauppa\/?post_type=product&#038;p=3380"},"modified":"2026-02-03T19:20:12","modified_gmt":"2026-02-03T17:20:12","slug":"suomen-accn-xi-konferenssi-toivo-ja-rakkaus-surussa-ja-lupumisessa-30-1-1-2-2026","status":"publish","type":"product","link":"https:\/\/www.accfinland.org\/kauppa\/tuote\/suomen-accn-xi-konferenssi-toivo-ja-rakkaus-surussa-ja-lupumisessa-30-1-1-2-2026\/","title":{"rendered":"Suomen ACC:n XI Konferenssi Toivo ja rakkaus surussa ja luopumisessa 30.1.-1.2.2026"},"content":{"rendered":"<p><strong>Konferenssi 30.1.-1.2.2026 Tampereella, Teopoliksella<\/strong><\/p>\n<p>Paikka: Teopolis \/ Suomen teologinen opisto<br \/>\nSairaalankatu 5-7<br \/>\n33100 Tampere<\/p>\n<p>Konferenssi on tarkoitettu sosiaali- ja terveysalan ammattilaisille, psykoterapeuteille, seurakuntien ty\u00f6ntekij\u00f6ille, sielunhoito- ja terapeuttista ty\u00f6t\u00e4 tekeville, vertaisryhmien ohjaajille, rukouspalvelijoille ja kaikille asiasta kiinnostuneille.<\/p>\n<p>Kouluttajat perjantaista klo 18\u2013sunnuntaihin klo 15:<br \/>\nEeva Pouke (toiminnanjohtaja); Jukka J\u00e4ms\u00e9n (rovasti); Helena Castr\u00e9n (psykoterapeutti ja rovasti); Veli-Pekka (Lt.) ja Minna Joki-Erkkiil\u00e4 (Lt); Asta Lehtim\u00e4ki (tanssi-liiketerapeutti ja ty\u00f6nohjaaja) ja Hanna-Kaisa Hartala (teologi); Janne Saarela (teologi); Harri Koskela (teologian tohtori, tutkija); David ja Ulla Dahlen (terapeutti, ty\u00f6nohjaaja, PhD.)<\/p>\n<p>Musiikissa Kristiina Tanhua-Laiho &amp; Juuli Koho<\/p>\n<p>Lauantaina klo 17 konsertti:<br \/>\nSusan Yli-Knuuttila ja Lasse Heikkil\u00e4<\/p>\n<p>Konferenssissa k\u00e4sitell\u00e4\u00e4n kristillisen uskon ja psykologisen tiedon yhdist\u00e4mist\u00e4 sielunhoidollisessa ja terapeuttisessa ty\u00f6ss\u00e4.<\/p>\n<p>Teemana on Toivo ja rakkaus surussa ja luopumisessa.<br \/>\nRaamatunkohta: Autuaita ovat murheelliset, sill\u00e4 he saavat lohdutuksen. (Matt. 5:4)<\/p>\n<p>Ohjelma:<br \/>\nPerjantai 30.1.2026 &#8211; sunnuntai 1.2.2026<br \/>\nJokaisena p\u00e4iv\u00e4n\u00e4 oma teemansa: Rakkaus, suru, toivo<br \/>\nPerjantaina klo 18.00 Ylistys ja rukousilta: Jukka J\u00e4ms\u00e9n, Kristiina Tanhua-Laiho<\/p>\n<p>Lauantaina klo 9.00 Tervetuloa ja ohjelma alkaa<br \/>\nBibliodraama: Eeva Pouke<br \/>\nSuru, mit\u00e4 se on ja tekee meille: Helena Castr\u00e9n, psykoterapeutti, rovasti<br \/>\nSuruprosessi, p\u00f6yt\u00e4ryhm\u00e4t<br \/>\nKokemusasiantuntijat: Joki-Erkkil\u00e4t<br \/>\nKehollinen suru: Asta Lehtim\u00e4ki ja Hanna-Kaisa Hartala<br \/>\nKonsertti klo 17: Susan Yli-Knuuttila ja Lasse Heikkil\u00e4<\/p>\n<p>Sunnuntai 1.2.2026 klo 8.45 Aamunavaus: David ja Ulla Dahlen<br \/>\nHengellinen el\u00e4m\u00e4 ja jumalasuhde suruprosessissa: Harri Koskela<br \/>\nHyv\u00e4stij\u00e4tt\u00f6riitit kriisien ja traumojen hoidossa: Helena Castr\u00e9n<br \/>\nJuhlaluento ja p\u00e4iv\u00e4n p\u00e4\u00e4t\u00f6s: Yl\u00f6snousemus ja kuoleman j\u00e4lkeinen el\u00e4m\u00e4: Janne Saarela<\/p>\n<p>Hinnoittelu: Konferenssin hintaan 290\u20ac\u00a0 sis\u00e4ltyy lauantaina ja sunnuntaina lounas ja kahvit sek\u00e4 mahdollisuus osallistua ylistys- ja rukousiltaan perjantaina 30.1.2026 klo 18-19. J\u00e4senetu 30 \u20ac tarjotaan Suomen ACC ry:n varsinaisille ja kannattajaj\u00e4senille.<br \/>\nKonferenssin hinta j\u00e4senille 260 \u20ac.<br \/>\nHinta ei-j\u00e4senille 290 \u20ac.<\/p>\n<p>Ilmoittautuminen: Ilmoittautuminen tapahtuu ostamalla osallistumisen t\u00e4st\u00e4 verkkokaupasta.<br \/>\nTiedot mahdollisista ruoka-aineallergioista pyyd\u00e4mme ilmoittamaan ostamisen yhteydess\u00e4 yhteystietojen j\u00e4lkeiseen viestikentt\u00e4\u00e4n.<\/p>\n<p>Ostamisen j\u00e4lkeen saat antamaasi s\u00e4hk\u00f6postiosoitteeseen maksutositteen, joka on samalla p\u00e4\u00e4sylippusi konferenssiin.<\/p>\n<p>Lis\u00e4tietoja acc@accfinland.org<\/p>\n<p>Peruutusehdot: Jos joudumme perumaan jo ostetun osallistumisen, ilmoitamme siit\u00e4 mahdollisimman pian ja palautamme osallistumismaksun pois lukien 30 \u20ac:n k\u00e4sittelymaksu . 1.1.2026 l\u00e4htien emme en\u00e4\u00e4 voi palauttaa maksuja, mutta tarjoamme osallistumisen konferenssiin et\u00e4n\u00e4.<br \/>\nN\u00e4m\u00e4 peruutusehdot koskevat my\u00f6s sit\u00e4 tilannetta, ett\u00e4 osallistuja itse haluaa perua osallistumisensa konferenssiin.<br \/>\nOsallistumisen voi peruuttaa ottamalla yhteytt\u00e4 acc(at)accfinland.org<\/p>\n","protected":false},"excerpt":{"rendered":"<p><strong>Konferenssi Teopoliksella 30.-1.2.2026 Toivo ja rakkaus surussa ja lupumisessa<\/strong><\/p>\n","protected":false},"featured_media":3379,"template":"","meta":[],"product_cat":[21],"product_tag":[],"class_list":["post-3380","product","type-product","status-publish","has-post-thumbnail","hentry","product_cat-tapahtumat"],"_links":{"self":[{"href":"https:\/\/www.accfinland.org\/kauppa\/wp-json\/wp\/v2\/product\/3380","targetHints":{"allow":["GET"]}}],"collection":[{"href":"https:\/\/www.accfinland.org\/kauppa\/wp-json\/wp\/v2\/product"}],"about":[{"href":"https:\/\/www.accfinland.org\/kauppa\/wp-json\/wp\/v2\/types\/product"}],"wp:featuredmedia":[{"embeddable":true,"href":"https:\/\/www.accfinland.org\/kauppa\/wp-json\/wp\/v2\/media\/3379"}],"wp:attachment":[{"href":"https:\/\/www.accfinland.org\/kauppa\/wp-json\/wp\/v2\/media?parent=3380"}],"wp:term":[{"taxonomy":"product_cat","embeddable":true,"href":"https:\/\/www.accfinland.org\/kauppa\/wp-json\/wp\/v2\/product_cat?post=3380"},{"taxonomy":"product_tag","embeddable":true,"href":"https:\/\/www.accfinland.org\/kauppa\/wp-json\/wp\/v2\/product_tag?post=3380"}],"curies":[{"name":"wp","href":"https:\/\/api.w.org\/{rel}","templated":true}]}}