{"id":3610,"date":"2026-02-03T11:14:46","date_gmt":"2026-02-03T09:14:46","guid":{"rendered":"https:\/\/www.accfinland.org\/kauppa\/?post_type=product&#038;p=3610"},"modified":"2026-03-18T20:00:32","modified_gmt":"2026-03-18T18:00:32","slug":"webinaari-tiistaina-5-5-2026-turvan-tunteen-holistinen-vahvistaminen-elli-meklin-1","status":"publish","type":"product","link":"https:\/\/www.accfinland.org\/kauppa\/tuote\/webinaari-tiistaina-5-5-2026-turvan-tunteen-holistinen-vahvistaminen-elli-meklin-1\/","title":{"rendered":"Webinaari tiistaina 5.5.2026 Turvan tunteen holistinen vahvistaminen &#8211; Elli Meklin"},"content":{"rendered":"<p><strong>Ti 5.5.2026 klo 19-20.30 <\/strong><\/p>\r\n\r\n<p class=\"has-medium-font-size\"><strong>Turvan tunteen holistinen vahvistaminen<\/strong><\/p>\r\n\r\n\r\n\r\n\r\n\r\n<p class=\"has-small-font-size\"><strong>Webinaarin puhuja: Ellin Meklin,\u00a0<\/strong>perheterapeutti, kouluttaja, kirjailija<\/p>\r\n<p>Juontaja: Erja Rautavaara-Kulmala<\/p>\r\n<p>\u00a0Webinaariin ovat tervetulleita kaikki aiheesta kiinnostuneet! Mukaan mahtuu sata osallistujaa. Osallistuminen ACC:n j\u00e4senilt\u00e4 10 \u20ac ja muilta 20 \u20ac. Ilmoittautuminen tapahtuu, kun ostat t\u00e4m\u00e4n webinaarin. Maksun j\u00e4lkeen saat vahvistuksen ilmoittautumisesta ja linkin webinaariin. Muistutusviesti webinaarista l\u00e4hetet\u00e4\u00e4n Sinulle l\u00e4hemp\u00e4n\u00e4 webinaarin ajankohtaa.\u00a0 <strong>Tallenne pidettyyn webinaariin<\/strong> l\u00e4hetet\u00e4\u00e4n sinulle viikon p\u00e4\u00e4st\u00e4 webinaarista, jolloin saat my\u00f6s mahdolliset webinaaridiat. Tallenne on katseltavissa linkin kautta kuukauden ajan YouTubessa.<\/p>\r\n","protected":false},"excerpt":{"rendered":"<p><strong>Ti 5.5.2026 klo 19-20.30 <br \/><\/strong><strong>Turvan tunteen holistinen vahvistaminen<\/strong><\/p>\n<p><!-- \/wp:paragraph --><\/p>\n<p><!-- wp:paragraph {\"fontSize\":\"small\"} --><!-- \/wp:paragraph --><\/p>\n<p><!-- wp:paragraph {\"fontSize\":\"small\"} --><\/p>\n<p class=\"has-small-font-size\"><strong>Webinaarin puhuja:\u00a0<\/strong><strong>Ellin Meklin, <\/strong>perheterapeutti, kouluttaja, kirjailija<\/p>\n","protected":false},"featured_media":3613,"template":"","meta":[],"product_cat":[22],"product_tag":[],"class_list":["post-3610","product","type-product","status-publish","has-post-thumbnail","hentry","product_cat-webinaarit"],"_links":{"self":[{"href":"https:\/\/www.accfinland.org\/kauppa\/wp-json\/wp\/v2\/product\/3610","targetHints":{"allow":["GET"]}}],"collection":[{"href":"https:\/\/www.accfinland.org\/kauppa\/wp-json\/wp\/v2\/product"}],"about":[{"href":"https:\/\/www.accfinland.org\/kauppa\/wp-json\/wp\/v2\/types\/product"}],"wp:featuredmedia":[{"embeddable":true,"href":"https:\/\/www.accfinland.org\/kauppa\/wp-json\/wp\/v2\/media\/3613"}],"wp:attachment":[{"href":"https:\/\/www.accfinland.org\/kauppa\/wp-json\/wp\/v2\/media?parent=3610"}],"wp:term":[{"taxonomy":"product_cat","embeddable":true,"href":"https:\/\/www.accfinland.org\/kauppa\/wp-json\/wp\/v2\/product_cat?post=3610"},{"taxonomy":"product_tag","embeddable":true,"href":"https:\/\/www.accfinland.org\/kauppa\/wp-json\/wp\/v2\/product_tag?post=3610"}],"curies":[{"name":"wp","href":"https:\/\/api.w.org\/{rel}","templated":true}]}}