{"id":68,"date":"2021-08-05T15:28:08","date_gmt":"2021-08-05T12:28:08","guid":{"rendered":"https:\/\/www.accfinland.org\/kauppa\/?post_type=product&#038;p=68"},"modified":"2022-01-06T10:16:53","modified_gmt":"2022-01-06T08:16:53","slug":"konferenssijulkaisu-2018","status":"publish","type":"product","link":"https:\/\/www.accfinland.org\/kauppa\/tuote\/konferenssijulkaisu-2018\/","title":{"rendered":"Konferenssijulkaisu 2018"},"content":{"rendered":"<p>Sibeliustalossa 19.-21.1.2018 j\u00e4rjestetyn Suomen ACC:n VII konferenssi psykologisen tiedon ja kristillisen uskon vuorovaikutuksesta -tapahtuman luentokooste. Kooste pit\u00e4\u00e4 sis\u00e4ll\u00e4\u00e4n konferenssissa pidettyjen luentojen sek\u00e4 kanavien tiivistelm\u00e4t. 44 sivua, koko A4, neliv\u00e4ri.<\/p>\n","protected":false},"excerpt":{"rendered":"<p>Sibeliustalossa 19.-21.1.2018 j\u00e4rjestetyn Suomen ACC:n VII konferenssi psykologisen tiedon ja kristillisen uskon vuorovaikutuksesta -tapahtuman luentokooste. Kooste pit\u00e4\u00e4 sis\u00e4ll\u00e4\u00e4n konferenssissa pidettyjen luentojen sek\u00e4 kanavien tiivistelm\u00e4t. 44 sivua, koko A4, neliv\u00e4ri.<\/p>\n","protected":false},"featured_media":69,"template":"","meta":[],"product_cat":[20],"product_tag":[],"class_list":["post-68","product","type-product","status-publish","has-post-thumbnail","hentry","product_cat-konferenssijulkaisut"],"_links":{"self":[{"href":"https:\/\/www.accfinland.org\/kauppa\/wp-json\/wp\/v2\/product\/68","targetHints":{"allow":["GET"]}}],"collection":[{"href":"https:\/\/www.accfinland.org\/kauppa\/wp-json\/wp\/v2\/product"}],"about":[{"href":"https:\/\/www.accfinland.org\/kauppa\/wp-json\/wp\/v2\/types\/product"}],"wp:featuredmedia":[{"embeddable":true,"href":"https:\/\/www.accfinland.org\/kauppa\/wp-json\/wp\/v2\/media\/69"}],"wp:attachment":[{"href":"https:\/\/www.accfinland.org\/kauppa\/wp-json\/wp\/v2\/media?parent=68"}],"wp:term":[{"taxonomy":"product_cat","embeddable":true,"href":"https:\/\/www.accfinland.org\/kauppa\/wp-json\/wp\/v2\/product_cat?post=68"},{"taxonomy":"product_tag","embeddable":true,"href":"https:\/\/www.accfinland.org\/kauppa\/wp-json\/wp\/v2\/product_tag?post=68"}],"curies":[{"name":"wp","href":"https:\/\/api.w.org\/{rel}","templated":true}]}}